 is the ten thousands digit of 34317?
3
What is the hundreds digit of 88750?
7
What is the units digit of 97397?
7
What is the hundreds digit of 40939?
9
What is the tens digit of 3581?
8
What is the units digit of 1771?
1
What is the tens digit of 11843?
4
What is the tens digit of 367?
6
What is the tens digit of 126370?
7
What is the units digit of 90?
0
What is the ten thousands digit of 41346?
4
What is the tens digit of 1183?
8
What is the hundreds digit of 497?
4
What is the hundreds digit of 26252?
2
What is the hundreds digit of 9220?
2
What is the hundreds digit of 17415?
4
What is the tens digit of 233?
3
What is the thousands digit of 11263?
1
What is the tens digit of 852?
5
What is the hundreds digit of 121509?
5
What is the units digit of 3106?
6
What is the hundreds digit of 763?
7
What is the tens digit of 8845?
4
What is the hundreds digit of 534?
5
What is the tens digit of 295?
9
What is the tens digit of 7668?
6
What is the tens digit of 897?
9
What is the thousands digit of 1388?
1
What is the tens digit of 7565?
6
What is the tens digit of 6957?
5
What is the hundreds digit of 26202?
2
What is the tens digit of 2704?
0
What is the units digit of 3117?
7
What is the hundreds digit of 1910?
9
What is the tens digit of 18984?
8
What is the tens digit of 2883?
8
What is the hundreds digit of 348?
3
What is the thousands digit of 2357?
2
What is the thousands digit of 127476?
7
What is the units digit of 1793?
3
What is the thousands digit of 11228?
1
What is the tens digit of 10583?
8
What is the tens digit of 52450?
5
What is the ten thousands digit of 35379?
3
What is the thousands digit of 4237?
4
What is the thousands digit of 68749?
8
What is the hundreds digit of 18647?
6
What is the tens digit of 5400?
0
What is the tens digit of 941?
4
What is the hundreds digit of 14497?
4
What is the hundreds digit of 5626?
6
What is the units digit of 277?
7
What is the thousands digit of 3584?
3
What is the hundreds digit of 1093?
0
What is the hundreds digit of 2235?
2
What is the hundreds digit of 37093?
0
What is the tens digit of 157846?
4
What is the hundreds digit of 785?
7
What is the hundreds digit of 11413?
4
What is the units digit of 2972?
2
What is the thousands digit of 16247?
6
What is the units digit of 24?
4
What is the units digit of 958?
8
What is the thousands digit of 36556?
6
What is the units digit of 675?
5
What is the tens digit of 2372?
7
What is the thousands digit of 2661?
2
What is the thousands digit of 4050?
4
What is the thousands digit of 9964?
9
What is the ten thousands digit of 27155?
2
What is the units digit of 1876?
6
What is the hundreds digit of 77711?
7
What is the hundreds digit of 31244?
2
What is the units digit of 131?
1
What is the tens digit of 197?
9
What is the units digit of 970?
0
What is the ten thousands digit of 13191?
1
What is the hundreds digit of 19101?
1
What is the hundreds digit of 200?
2
What is the units digit of 1349?
9
What is the units digit of 29861?
1
What is the units digit of 3745?
5
What is the tens digit of 1854?
5
What is the hundreds digit of 16249?
2
What is the hundreds digit of 2685?
6
What is the units digit of 10965?
5
What is the hundreds digit of 10415?
4
What is the tens digit of 3610?
1
What is the tens digit of 1388?
8
What is the tens digit of 22395?
9
What is the tens digit of 16119?
1
What is the hundreds digit of 103?
1
What is the hundreds digit of 275?
2
What is the units digit of 942?
2
What is the hundreds digit of 41296?
2
What is the units digit of 66036?
6
What is the thousands digit of 72648?
2
What is the tens digit of 7324?
2
What is the tens digit of 20521?
2
What is the tens digit of 4910?
1
What is the tens digit of 25215?
1
What is the ten thousands digit of 29050?
2
What is the hundreds digit of 2812?
8
What is the units digit of 370?
0
What is the tens digit of 1573?
7
What is the ten thousands digit of 47428?
4
What is the hundreds digit of 4235?
2
What is the tens digit of 55534?
3
What is the hundreds digit of 1898?
8
What is the tens digit of 4460?
6
What is the thousands digit of 26155?
6
What is the thousands digit of 8554?
8
What is the thousands digit of 33980?
3
What is the ten thousands digit of 149980?
4
What is the hundreds digit of 78321?
3
What is the tens digit of 25378?
7
What is the thousands digit of 38991?
8
What is the units digit of 1389?
9
What is the hundreds digit of 9073?
0
What is the hundreds digit of 5727?
7
What is the tens digit of 7883?
8
What is the tens digit of 1183?
8
What is the thousands digit of 28154?
8
What is the units digit of 1628?
8
What is the units digit of 24625?
5
What is the units digit of 50691?
1
What is the units digit of 71536?
6
What is the units digit of 22152?
2
What is the thousands digit of 2899?
2
What is the units digit of 57319?
9
What is the tens digit of 23627?
2
What is the thousands digit of 3378?
3
What is the ten thousands digit of 13071?
1
What is the hundreds digit of 5522?
5
What is the tens digit of 18?
1
What is the tens digit of 18000?
0
What is the ten thousands digit of 53090?
5
What is the units digit of 718?
8
What is the units digit of 19625?
5
What is the hundreds digit of 4238?
2
What is the units digit of 721?
1
What is the hundreds digit of 39586?
5
What is the units digit of 10591?
1
What is the hundreds digit of 113089?
0
What is the units digit of 180811?
1
What is the ten thousands digit of 81506?
8
What is the tens digit of 14646?
4
What is the thousands digit of 4025?
4
What is the tens digit of 75940?
4
What is the hundreds digit of 1219?
2
What is the thousands digit of 40236?
0
What is the thousands digit of 4421?
4
What is the tens digit of 18341?
4
What is the tens digit of 2613?
1
What is the units digit of 1025?
5
What is the ten thousands digit of 50712?
5
What is the tens digit of 12741?
4
What is the thousands digit of 4284?
4
What is the hundreds digit of 30151?
1
What is the units digit of 65496?
6
What is the hundreds digit of 50166?
1
What is the hundreds digit of 31109?
1
What is the ten thousands digit of 12518?
1
What is the tens digit of 8472?
7
What is the units digit of 2060?
0
What is the tens digit of 584?
8
What is the tens digit of 896?
9
What is the units digit of 23265?
5
What is the tens digit of 15072?
7
What is the units digit of 10?
0
What is the units digit of 2120?
0
What is the thousands digit of 20793?
0
What is the thousands digit of 5056?
5
What is the tens digit of 12565?
6
What is the hundreds digit of 41999?
9
What is the hundreds digit of 6232?
2
What is the thousands digit of 14289?
4
What is the tens digit of 30711?
1
What is the hundreds digit of 2905?
9
What is the tens digit of 1030?
3
What is the thousands digit of 1113?
1
What is the tens digit of 27205?
0
What is the thousands digit of 17990?
7
What is the ten thousands digit of 68625?
6
What is the units digit of 1696?
6
What is the hundreds digit of 351?
3
What is the ten thousands digit of 64361?
6
What is the tens digit of 859?
5
What is the units digit of 41217?
7
What is the units digit of 27706?
6
What is the thousands digit of 4300?
4
What is the units digit of 1325?
5
What is the ten thousands digit of 37656?
3
What is the tens digit of 27583?
8
What is the ten thousands digit of 11693?
1
What is the tens digit of 645?
4
What is the tens digit of 31593?
9
What is the units digit of 581?
1
What is the thousands digit of 1592?
1
What is the thousands digit of 10111?
0
What is the hundreds digit of 4372?
3
What is the tens digit of 166?
6
What is the tens digit of 3054?
5
What is the hundreds digit of 4154?
1
What is the tens digit of 205594?
9
What is the hundreds digit of 25291?
2
What is the hundreds digit of 6294?
2
What is the units digit of 983?
3
What is the hundreds digit of 237?
2
What is the thousands digit of 1654?
1
What is the tens digit of 7830?
3
What is the hundreds digit of 959?
9
What is the ten thousands digit of 69820?
6
What is the hundreds digit of 8129?
1
What is the units digit of 9795?
5
What is the thousands digit of 6305?
6
What is the hundreds digit of 900?
9
What is the thousands digit of 10748?
0
What is the hundreds digit of 11494?
4
What is the hundreds digit of 16817?
8
What is the units digit of 4493